{"id":55,"date":"2016-03-02T11:35:03","date_gmt":"2016-03-02T11:35:03","guid":{"rendered":"http:\/\/bsmrau.edu.bd\/karim\/?page_id=55"},"modified":"2026-04-15T17:34:19","modified_gmt":"2026-04-15T17:34:19","slug":"international-journal","status":"publish","type":"page","link":"http:\/\/gau.edu.bd\/shakhawate\/international-journal\/","title":{"rendered":"International Journal"},"content":{"rendered":"<h1><strong>International <\/strong><\/h1>\n<p><strong>Hossain MS<\/strong>, Debi S, Islam R, Ahmed M, Siddique MAM. (2026). Prevalence of pharmaceutical compounds and heavy metals in municipal wastewater and river waters of Gazipur district, Bangladesh: ecological risk assessment. <em>Heliyon <\/em>12(3) e44578 (IF: <strong>3.6<\/strong>). <strong>(1<sup>st<\/sup>, corresponding, and lead author)<\/strong><\/p>\n<p>Islam R, Afrin N, <strong>Hossain MS<\/strong>. (2026). Unveiling the presence of ESBL-producing coliform bacteria in the aquaculture system of Cumilla District of Bangladesh.\u00a0<em>New Microbes and New Infections<\/em>, 70: 101706. (IF: <strong>5.2<\/strong>). <strong>(corresponding, and lead author)<\/strong><\/p>\n<p>Khatun, MS, Afrin N, Wahara MA, Rashid I, <strong>Hossain MS<\/strong>. (2025). Prevalence of multi-drug-resistant bacteria in wastewater of Gazipur district, Bangladesh. <em>The Microbe <\/em>(8), 100447. <strong>(corresponding &amp; lead author)<\/strong><\/p>\n<p>Afrin N, <strong>Hossain MS<\/strong>, Shilpi RY. (2024). Multi-Drug Resistant <em>Bacillus cereus<\/em>: A Growing Concern for Powdered Infant Formula and Baby Foods (Cereals) in Bangladesh. <em>Journal of Bacteriology and Virology, <\/em>54(2):122-133 (SJR: <strong>0.18<\/strong>) <strong>(Corresponding author, writing: draft, review and editing)<\/strong><\/p>\n<p><strong>Hossain MS<\/strong>., Akmal SG, Bu\u0159i\u010d M, Patoka J. (2024). Invasive Amazon sailfin catfish in Bangladesh: wild distribution, environmental and perceived socio-economic consequences. <em>Aquatic Invasions<\/em>, 19(1), 121-136 (IF: <strong>1.6<\/strong>). <strong>(1<sup>st,<\/sup> corresponding, and lead author)<\/strong><\/p>\n<p>Siddique MAM, Ahmed M, Biswas S, <strong>Hossain MS<\/strong>. (2024). Heavy metals in three estuarine mudskipper species from Hatiya Island, Bay of Bengal: public health at risk<em>. Regional Studies in Marine Science<\/em>, 103411 (IF: <strong>2.4<\/strong>). <strong>(Corresponding, and lead author)<\/strong><\/p>\n<p>Debi S, Salam MA, Das SK, Alam MS, Rahman ML, <strong>Hossain MS<\/strong>, Mazumder SK. (2024).\u00a0 Effect of Stocking Density, Multispecies Probiotics, and Biofloc on Metabolic and Physiological Responses of <em>Puntius<\/em> <em>sophore <\/em>in Laboratory Conditions. <em>Water<\/em>, 16(6):820 (IF: <strong>3.3<\/strong>). <strong>(Writing: draft, review and editing)<\/strong><\/p>\n<p>Siddique MAM., <strong>Hossain, M.S<\/strong>., Chakma, B., Islam, M.M., Hossain, M.M., Shazada, N.E. and Walker, T.R. (2023). Metal and metalloid bioaccumulation in dried red seaweed <em>Hypnea musciformis<\/em> and health risk assessment for consumers. <em>Marine Pollution Bulletin<\/em>, 194, p.115302 (IF: <strong>4.9<\/strong>).<strong> (Formal analysis; Investigation; Methodology; Writing draft)<\/strong><\/p>\n<p>Afrin R, Rakhi RF, Sultana A, Shahariar MA, <strong>Hossain MS<\/strong>, Alam MS, Alam MS. (2023). Domestication and Inter-Species Interaction of Bangladeshi Native and Exotic Ornamental Fishes in the Captive Condition. <em>Egyptian Journal of Aquatic Biology and Fisheries<\/em>, 27(1), pp.349-367 (SJR: <strong>0.24)<\/strong>.<strong> (Writing: draft, review, and editing)<\/strong><\/p>\n<p>Siddique MAM, <strong>Hossain MS<\/strong>, Islam MM, Rahman M, Kibria G. (2022). Heavy metals and metalloids in edible seaweeds from Saint Martin\u2019s Island, Bay of Bengal, and their potential health risks. <em>Marine Pollution Bulletin<\/em>, 181, p.113866 (IF: <strong>4.9<\/strong>). <strong>(Formal analysis; Investigation; Methodology; Writing draft)<\/strong><\/p>\n<p>Guo W, Weiperth A, <strong>Hossain MS<\/strong>, Kubec J, Grabicov\u00e1 K, Lo\u017eek F, Vesel\u00fd L, Bl\u00e1ha M, Bu\u0159i\u010d M, Kouba A, and Vel\u00ed\u0161ek J. (2021). The effects of the herbicides terbuthylazine and metazachlor at environmental concentration on the burrowing behaviour of red swamp crayfish. <em>Chemosphere,<\/em> 270, p.128656 (Citescore:<strong> 18.1<\/strong>).<strong>(Investigation, Methodology; Writing draft, review and editing)<\/strong><\/p>\n<p>Suman KH, <strong>Hossain MS<\/strong>, Salam MA, Rupok QS, Haque MN. (2021). Production trends, and challenges for biodiversity conservation and sustainable fisheries management of Kaptai Lake, the largest reservoir in Bangladesh. <em>Asian Fisheries Science<\/em>, 1;34(2) (SJR: <strong>0.34<\/strong>). <strong>(Methodology; Writing draft, review and editing)<\/strong><\/p>\n<p><strong>Hossain MS<\/strong>, Kubec J, Guo W, Roje S, Lo\u017eek F, Grabicov\u00e1 K, Randak T, Kouba A, Bu\u0159i\u010d M. (2020). A combination of six psychoactive pharmaceuticals at environmental concentrations alter the locomotory behavior of clonal marbled crayfish. <em>Science of the Total Environment<\/em>, 751:141383 (IF: <strong>8.0<\/strong>). <strong>(1<sup>st,<\/sup> corresponding author)<\/strong><\/p>\n<p><strong>Hossain MS<\/strong>. and Alam MJ. (2020). Integration of Fish Culture in Hydroponic Agriculture in Flood-Prone Areas. <em>Sains Malaysiana<\/em>, 49(8), pp.1799-1808 (IF: <strong>0.7<\/strong>). <strong>(1<sup>st,<\/sup> corresponding, and lead author)<\/strong><\/p>\n<p>Guo W, <strong>Hossain MS<\/strong>, Kubec J, Grabicov\u00e1 K, Rand\u00e1k T, Bu\u0159i\u010d M, &amp; Kouba A (2020). Psychoactive compounds at environmental concentration alter burrowing behavior in the freshwater crayfish. <em>Science of the Total Environment<\/em>, 711:135138 (IF: <strong>8.0<\/strong>). <strong>(Investigation; Writing: review and editing)<\/strong><\/p>\n<p><strong>Hossain MS<\/strong>, Bu\u0159i\u010d M, Moore PA (2020) Exposure paradigm of fluoxetine impacted the <em>Faxonius virilis<\/em> agonistic behavior differently. <em>Science of the Total Environment,<\/em> 699:134300 (IF: 8<strong>.0<\/strong>). <strong>(1<sup>st,<\/sup> and corresponding author)<\/strong><\/p>\n<p><strong>Hossain MS<\/strong>, Guo W, Martens A, Ad\u00e1mek Z, Kouba A, Bu\u0159i\u010d M. (2020). Potential of marbled crayfish <em>Procambarus virginalis<\/em> to supplant invasive <em>Faxonius immunis<\/em>. <em>Aquatic Ecology,<\/em>54(1):45-56 (IF: <strong>1.7<\/strong>). <strong>(1<sup>st,<\/sup> corresponding, and lead author)<\/strong><\/p>\n<p><strong>Hossain MS<\/strong>, Kouba A, Bu\u0159i\u010d M (2019) Morphometry, size at maturity, and fecundity of marbled crayfish (<em>Procambarus virginalis<\/em>). <em>Zoologischer Anzeiger,<\/em> 281:68-75 (IF: <strong>1.4<\/strong>). <strong>(1<sup>st,<\/sup> and corresponding author)<\/strong><\/p>\n<p><strong>Hossain MS<\/strong>, Kubec J, Grabicov\u00e1 K, Grabic R, Rand\u00e1k T, Guo W, Kouba A, Bu\u0159i\u010d M (2019) Environmentally relevant concentrations of methamphetamine and sertraline modify the behavior and life history traits of an aquatic invertebrate. <em>Aquatic Toxicology,<\/em> 213:105222 (IF: <strong>4.3<\/strong>). <strong>(1<sup>st,<\/sup> corresponding, and lead author)<\/strong><\/p>\n<p>Guo W, Kubec J, Vesel\u00fd L, <strong>Hossain MS<\/strong>, Bu\u0159i\u010d M, McClain R, Kouba A (2019) High air humidity is sufficient for successful egg incubation and early post\u2010embryonic development in the marbled crayfish (<em>Procambarus virginalis<\/em>). <em>Freshwater Biology,<\/em> 64:1603-1612 (IF: <strong>2.7<\/strong>). <strong>(Investigation; Writing: review and editing)<\/strong><\/p>\n<p>Kubec J, <strong>Hossain MS<\/strong>, Grabicov\u00e1 K, Rand\u00e1k T, Kouba A, Grabic R, Roje S, Bu\u0159i\u010d M (<strong>2019<\/strong>). Oxazepam alters the behavior of crayfish at diluted concentrations, venlafaxine does not. <em>Water, <\/em>11:196. doi:https:\/\/doi.org\/10.3390\/w11020196 (IF: <strong>3.3<\/strong>). <strong>(Investigation; Writing: draft, review and editing)<\/strong><\/p>\n<p>Rashid I, <strong>Hossain MS<\/strong>, Salam MA, &amp; Rafiquzzaman SM (2019). Evaluation of seminal plasma composition and spermatozoa quality parameters of silver barb, <em>Barbonymus gonionotus <\/em>Bleeker, 1850. <em>Fish Physiology and Biochemistry<\/em>, 45(1), 105-114 (IF: <strong>2.5<\/strong>). <strong>(Dual 1<sup>st,<\/sup> corresponding, and lead author)<\/strong><\/p>\n<p><strong>Hossain MS<\/strong>, Kubec J, Kouba A, Koz\u00e1k P, Bu\u0159i\u010d M. (2019). Still waters run deep: marbled crayfish dominates over red swamp crayfish in agonistic interactions. <em>Aquatic Ecology<\/em>, 53:97-107 (IF: <strong>1.7<\/strong>). <strong>(1<sup>st<\/sup>, &amp; corresponding author)<\/strong><\/p>\n<p>Ethin R, <strong>Hossain MS<\/strong>, Roy A, Rutegwa M. (2019). Stock identification of minor carp, <em>Cirrhinus reba,<\/em> Hamilton 1822 through landmark-based morphometric and meristic variations. <em>Fisheries and Aquatic Sciences<\/em>, 22:1-8 (SJR: <strong>0.26<\/strong>). <strong>(1<sup>st,<\/sup> corresponding, and lead author)<\/strong><\/p>\n<p>Fo\u0159t M, <strong>Hossain MS<\/strong>, Kouba A, Bu\u0159i\u010d M, Koz\u00e1k P. (2019). Agonistic interactions and dominance establishment in three crayfish species non-native to Europe. <em>Limnologica<\/em>. 2019 Jan 1;74:73-9 (IF: <strong>2.0<\/strong>). <strong>(combined 1<sup>st,<\/sup> corresponding, and lead author)<\/strong><\/p>\n<p><strong>Hossain MS<\/strong>, Patoka J, Kouba A, Bu\u0159i\u010d M. (2018). Clonal crayfish as biological model: a review on marbled crayfish. <em>Biologia<\/em>, 73:841-55 (IF: <strong>1.4<\/strong>). <strong>(1<sup>st,<\/sup> and corresponding author)<\/strong><\/p>\n<p>Rahman ML, Salam MA, Ahsan ME, <strong>Hossain MS<\/strong>, Hossain MA. (2017). Protein-Sparing ability of carbohydrates from different sources in diets for fry of stinging Catfish <em>Heteropneustes fossilis. Sains Malaysiana<\/em>, 46(2):239-44 (IF: <strong>0.7<\/strong>). (<strong>Writing: review and editing)<\/strong><\/p>\n<p>Roy A, <strong>Hossain MS<\/strong>, Rahman M L, Salam MA, &amp; Ali MM (2014). Fecundity and gonadosomatic index of Glossogobius giuris (Hamilton, 1822) from the Payra River, Patuakhali, Bangladesh. <em>Journal of Fisheries<\/em>. 2(2), 141-147. (SJR: <strong>1.0). (Corresponding author, writing draft, review, and editing)<\/strong><\/p>\n","protected":false},"excerpt":{"rendered":"<p>International Hossain MS, Debi S, Islam R, Ahmed M, Siddique MAM. (2026). Prevalence of pharmaceutical compounds and heavy metals in municipal wastewater and river waters of Gazipur district, Bangladesh: ecological risk assessment. Heliyon 12(3) e44578 (IF: 3.6). (1st, corresponding, and lead author) Islam R, Afrin N, Hossain MS. (2026). Unveiling the presence of ESBL-producing coliform [&hellip;]<\/p>\n","protected":false},"author":786178,"featured_media":0,"parent":0,"menu_order":0,"comment_status":"closed","ping_status":"closed","template":"","meta":{"footnotes":""},"class_list":["post-55","page","type-page","status-publish","hentry"],"aioseo_notices":[],"_links":{"self":[{"href":"http:\/\/gau.edu.bd\/shakhawate\/wp-json\/wp\/v2\/pages\/55","targetHints":{"allow":["GET"]}}],"collection":[{"href":"http:\/\/gau.edu.bd\/shakhawate\/wp-json\/wp\/v2\/pages"}],"about":[{"href":"http:\/\/gau.edu.bd\/shakhawate\/wp-json\/wp\/v2\/types\/page"}],"author":[{"embeddable":true,"href":"http:\/\/gau.edu.bd\/shakhawate\/wp-json\/wp\/v2\/users\/786178"}],"replies":[{"embeddable":true,"href":"http:\/\/gau.edu.bd\/shakhawate\/wp-json\/wp\/v2\/comments?post=55"}],"version-history":[{"count":4,"href":"http:\/\/gau.edu.bd\/shakhawate\/wp-json\/wp\/v2\/pages\/55\/revisions"}],"predecessor-version":[{"id":185,"href":"http:\/\/gau.edu.bd\/shakhawate\/wp-json\/wp\/v2\/pages\/55\/revisions\/185"}],"wp:attachment":[{"href":"http:\/\/gau.edu.bd\/shakhawate\/wp-json\/wp\/v2\/media?parent=55"}],"curies":[{"name":"wp","href":"https:\/\/api.w.org\/{rel}","templated":true}]}}